mon divisor of 6998301 and 153?
9
What is the highest common divisor of 5832 and 48728?
8
Calculate the highest common divisor of 1632 and 117196572.
204
Calculate the highest common divisor of 26858759 and 119.
17
What is the highest common factor of 19560 and 764144?
1304
Calculate the highest common divisor of 705703856 and 2288.
2288
What is the greatest common divisor of 46 and 18348526?
46
Calculate the highest common divisor of 10526224 and 944.
16
What is the highest common divisor of 319 and 377232?
29
What is the greatest common factor of 7360320 and 90528?
3936
What is the highest common divisor of 80064 and 673038?
2502
Calculate the greatest common factor of 726 and 11925518.
242
What is the highest common divisor of 59353 and 34709?
61
What is the greatest common divisor of 25185 and 44827?
23
What is the highest common divisor of 4835445 and 2024745?
5205
What is the highest common factor of 11880 and 18868872?
264
What is the greatest common factor of 475435376 and 624?
208
What is the highest common divisor of 60591 and 36309?
57
What is the highest common factor of 2180 and 2509289?
109
Calculate the greatest common factor of 17 and 59000251.
17
What is the highest common factor of 5088952 and 330?
22
Calculate the highest common factor of 3617314 and 591.
197
Calculate the highest common factor of 256 and 1983072.
32
What is the highest common factor of 148614 and 80088?
282
What is the greatest common divisor of 6584 and 350858068?
3292
What is the highest common factor of 780 and 4403490?
390
What is the highest common factor of 48576 and 105501?
759
Calculate the highest common factor of 1622048 and 217699.
293
Calculate the greatest common factor of 560970 and 66395.
1355
Calculate the highest common factor of 7296 and 495022656.
3648
Calculate the greatest common divisor of 276 and 199884.
12
What is the highest common divisor of 1665 and 1078065?
45
What is the greatest common divisor of 108382597 and 173?
173
What is the greatest common divisor of 47827 and 15041?
169
What is the greatest common divisor of 1623245 and 8927?
113
What is the highest common divisor of 3471 and 110435?
13
What is the highest common divisor of 41805 and 2439?
9
What is the highest common factor of 6200327 and 10507?
133
What is the greatest common factor of 389448 and 376?
8
Calculate the highest common divisor of 957 and 38438543.
319
What is the greatest common divisor of 2882250 and 3397212?
7686
Calculate the greatest common divisor of 2090367 and 51417.
1773
Calculate the greatest common divisor of 2394 and 3838057.
19
Calculate the greatest common factor of 3768 and 3130266.
942
What is the highest common divisor of 27585 and 45000?
45
Calculate the highest common divisor of 5739635 and 11495.
605
Calculate the highest common factor of 12034 and 272431709.
6017
What is the highest common divisor of 38724610 and 843?
281
Calculate the highest common divisor of 742 and 27774152.
14
What is the highest common divisor of 238374 and 10302?
102
Calculate the greatest common divisor of 197394 and 1037070.
1002
Calculate the highest common factor of 314 and 307777305.
157
Calculate the greatest common factor of 15 and 707544885.
15
Calculate the greatest common factor of 314 and 2425964.
314
Calculate the greatest common divisor of 35 and 2202910.
5
Calculate the greatest common factor of 252109 and 715.
143
What is the greatest common divisor of 1651510124 and 5566?
5566
What is the highest common divisor of 1995 and 12634050?
285
Calculate the greatest common divisor of 344184750 and 810.
90
Calculate the highest common divisor of 169379 and 17892.
7
What is the highest common divisor of 13788332 and 268?
268
Calculate the greatest common divisor of 300521990 and 20.
10
Calculate the highest common divisor of 15075 and 861825.
75
Calculate the highest common divisor of 1077237 and 35.
7
Calculate the greatest common divisor of 26927106 and 33720.
1686
What is the highest common factor of 30 and 18255774?
6
What is the greatest common divisor of 2852160 and 1290?
30
What is the highest common factor of 138430 and 145542?
254
Calculate the greatest common factor of 6 and 6618202.
2
What is the greatest common divisor of 121207 and 805871?
61
Calculate the greatest common factor of 1944 and 16556520.
24
Calculate the highest common divisor of 144 and 82124856.
72
Calculate the greatest common factor of 5546534 and 252.
14
Calculate the greatest common divisor of 3093003 and 3231.
9
What is the highest common factor of 173133174 and 1698?
1698
Calculate the highest common divisor of 12204 and 12636.
108
Calculate the highest common factor of 209 and 62932771.
11
What is the highest common factor of 105964 and 1558928?
1796
Calculate the highest common factor of 68 and 920176.
68
Calculate the greatest common factor of 447 and 31809265.
149
What is the greatest common factor of 487 and 224973059?
487
Calculate the highest common factor of 63 and 257509.
7
What is the greatest common factor of 584 and 12571038?
146
What is the greatest common divisor of 155 and 10755233?
31
Calculate the highest common factor of 12875 and 14969505.
515
What is the highest common divisor of 455 and 8005760?
35
What is the highest common factor of 118944008 and 2228?
2228
What is the highest common divisor of 2695967 and 2679?
893
Calculate the highest common factor of 12256 and 48752453.
383
What is the greatest common divisor of 72 and 107662068?
36
What is the highest common divisor of 16820143 and 386?
193
Calculate the highest common divisor of 79329144 and 264.
24
Calculate the highest common factor of 40503113 and 35.
7
What is the highest common divisor of 199568 and 87536?
16
Calculate the greatest common factor of 1001 and 7897747.
143
What is the highest common factor of 1410 and 14142770?
470
Calculate the highest common divisor of 1269456 and 144.
48
Calculate the greatest common divisor of 376 and 1148539.
47
Calculate the highest common divisor of 21118712 and 888.
296
What is the greatest common divisor of 33269670 and 240?
30
What is the highest common factor of 3312 and 338463?
9
Calculate the highest common factor of 3190187 and 3276.
91
Calculate the greatest common factor of 19448 and 153362352.
1144
What is the greatest common divisor of 130477424 and 3696?
1232
What is the highest common factor of 4212 and 86151?
39
Calculate the highest common divisor of 164 and 17744021.
41
What is the greatest common divisor of 443313 and 1847769?
1263
What is the greatest common divisor of 49550 and 53250?
50
What is the greatest common factor of 1399734 and 13910022?
2646
Calculate the highest common factor of 707166 and 24786.
306
What is the highest common factor of 58824592 and 13384?
1912
Calculate the greatest common factor of 1214 and 21203117.
607
What is the highest common divisor of 5176 and 6063037?
647
What is the greatest common factor of 2787905 and 20640?
215
What is the greatest common divisor of 361959 and 403?
13
Calculate the highest common factor of 3688 and 800.
8
What is the greatest common factor of 32 and 95636?
4
Calculate the highest common factor of 8624 and 752.
16
Calculate the highest common factor of 1339832 and 10591808.
7928
Calculate the greatest common factor of 201254801 and 2211.
737
What is the greatest common divisor of 360 and 1315418400?
360
Calculate the highest common divisor of 16658449 and 200781.
3187
Calculate the greatest common factor of 96408735 and 120.
15
Calculate the highest common factor of 6079496 and 614872.
4072
Calculate the greatest common divisor of 1497 and 1848.
3
What is the highest common divisor of 78653974 and 11914?
322
Calculate the highest common factor of 5610708 and 1296.
324
What is the highest common factor of 73272278 and 408?
34
Calculate the greatest common divisor of 163 and 10724585.
163
Calculate the greatest common divisor of 4290137 and 213452.
1241
Calculate the highest common divisor of 12955488 and 32.
32
Calculate the greatest common factor of 57 and 43514009.
19
What is the greatest common factor of 1196724 and 66?
6
Calculate the highest common divisor of 5090 and 495257.
509
What is the greatest common divisor of 133 and 747432?
7
What is the highest common divi